{"id":18,"date":"2025-05-15T09:50:23","date_gmt":"2025-05-15T09:50:23","guid":{"rendered":"https:\/\/minnaro.vamtam.com\/?page_id=18"},"modified":"2026-08-18T11:44:07","modified_gmt":"2026-08-18T09:44:07","slug":"inicio","status":"publish","type":"page","link":"https:\/\/moblesvallcorba.es\/","title":{"rendered":"Inicio"},"content":{"rendered":"<h1>Mobles Vallcorba<\/h1>\n<p>M\u00e1s de 50 a\u00f1os amueblando hogares con cercan\u00eda, confianza y calidad.<\/p>\n<p>Soy Carme, y desde nuestra tienda en Sant Feliu de Codines te acompa\u00f1o a encontrar el mueble perfecto, como si fuera para mi propia casa.<\/p>\n<p><img loading=\"lazy\" decoding=\"async\" src=\"http:\/\/moblesvallcorba.es\/wp-content\/uploads\/2025\/05\/GettyImages-1796996457.jpg\" sizes=\"auto, (max-width: 800px) 100vw, 800px\" srcset=\"https:\/\/moblesvallcorba.es\/wp-content\/uploads\/2025\/05\/GettyImages-1796996457.jpg 801w, https:\/\/moblesvallcorba.es\/wp-content\/uploads\/2025\/05\/GettyImages-1796996457-300x214.jpg 300w, https:\/\/moblesvallcorba.es\/wp-content\/uploads\/2025\/05\/GettyImages-1796996457-768x547.jpg 768w\" alt=\"\" width=\"800\" height=\"570\" \/> <img loading=\"lazy\" decoding=\"async\" src=\"http:\/\/moblesvallcorba.es\/wp-content\/uploads\/2025\/08\/home-accessories-and-household-products-in-store-o-2025-02-25-20-44-32-utc-1536x1024.jpg\" sizes=\"auto, (max-width: 800px) 100vw, 800px\" srcset=\"https:\/\/moblesvallcorba.es\/wp-content\/uploads\/2025\/08\/home-accessories-and-household-products-in-store-o-2025-02-25-20-44-32-utc-1536x1024.jpg 1536w, https:\/\/moblesvallcorba.es\/wp-content\/uploads\/2025\/08\/home-accessories-and-household-products-in-store-o-2025-02-25-20-44-32-utc-300x200.jpg 300w, https:\/\/moblesvallcorba.es\/wp-content\/uploads\/2025\/08\/home-accessories-and-household-products-in-store-o-2025-02-25-20-44-32-utc-1024x683.jpg 1024w, https:\/\/moblesvallcorba.es\/wp-content\/uploads\/2025\/08\/home-accessories-and-household-products-in-store-o-2025-02-25-20-44-32-utc-768x512.jpg 768w, https:\/\/moblesvallcorba.es\/wp-content\/uploads\/2025\/08\/home-accessories-and-household-products-in-store-o-2025-02-25-20-44-32-utc-2048x1365.jpg 2048w\" alt=\"\" width=\"800\" height=\"533\" \/> <img loading=\"lazy\" decoding=\"async\" src=\"http:\/\/moblesvallcorba.es\/wp-content\/uploads\/2025\/08\/empty-cafe-or-restaurant-interior-at-a-daytime-2025-02-24-16-05-23-utc-2048x1365.jpg\" sizes=\"auto, (max-width: 800px) 100vw, 800px\" srcset=\"https:\/\/moblesvallcorba.es\/wp-content\/uploads\/2025\/08\/empty-cafe-or-restaurant-interior-at-a-daytime-2025-02-24-16-05-23-utc-2048x1365.jpg 2048w, https:\/\/moblesvallcorba.es\/wp-content\/uploads\/2025\/08\/empty-cafe-or-restaurant-interior-at-a-daytime-2025-02-24-16-05-23-utc-300x200.jpg 300w, https:\/\/moblesvallcorba.es\/wp-content\/uploads\/2025\/08\/empty-cafe-or-restaurant-interior-at-a-daytime-2025-02-24-16-05-23-utc-1024x683.jpg 1024w, https:\/\/moblesvallcorba.es\/wp-content\/uploads\/2025\/08\/empty-cafe-or-restaurant-interior-at-a-daytime-2025-02-24-16-05-23-utc-768x512.jpg 768w, https:\/\/moblesvallcorba.es\/wp-content\/uploads\/2025\/08\/empty-cafe-or-restaurant-interior-at-a-daytime-2025-02-24-16-05-23-utc-1536x1024.jpg 1536w\" alt=\"\" width=\"800\" height=\"533\" \/><\/p>\n<h2>Mobles Vallcorba<\/h2>\n<h2>Nuestros productos<\/h2>\n<p>Descubre nuestro cat\u00e1logo y muebles disponibles para entrega inmediata<\/p>\n<h2>Cat\u00e1logo por categor\u00edas<\/h2>\n<p>Estos son muebles que tenemos actualmente en la tienda, disponibles para entrega inmediata. Puedes venir a verlos o consultarnos directamente.<\/p>\n<p><a href=\"#\"><br \/>\nTienda<br \/>\n<\/a><br \/>\n<a href=\"#\"><br \/>\nOulet<br \/>\n<\/a><\/p>\n<h2>Somos distribuidores de:<\/h2>\n<p>Si ves un mueble que no tenemos en la tienda, te lo podemos hacer<\/p>\n<p><img loading=\"lazy\" decoding=\"async\" src=\"http:\/\/moblesvallcorba.es\/wp-content\/uploads\/2025\/12\/IMG_0016-768x1152.jpg\" sizes=\"auto, (max-width: 768px) 100vw, 768px\" srcset=\"https:\/\/moblesvallcorba.es\/wp-content\/uploads\/2025\/12\/IMG_0016-768x1152.jpg 768w, https:\/\/moblesvallcorba.es\/wp-content\/uploads\/2025\/12\/IMG_0016-200x300.jpg 200w, https:\/\/moblesvallcorba.es\/wp-content\/uploads\/2025\/12\/IMG_0016-683x1024.jpg 683w, https:\/\/moblesvallcorba.es\/wp-content\/uploads\/2025\/12\/IMG_0016-1024x1536.jpg 1024w, https:\/\/moblesvallcorba.es\/wp-content\/uploads\/2025\/12\/IMG_0016-1365x2048.jpg 1365w, https:\/\/moblesvallcorba.es\/wp-content\/uploads\/2025\/12\/IMG_0016-scaled.jpg 1707w\" alt=\"\" width=\"768\" height=\"1152\" \/><\/p>\n<h2>Especialistas en descanso<\/h2>\n<h5>Somos especialistas en descanso: colchones, camas, almohadas, fundas y protecciones. Trabajamos con marcas de confianza para garantizarte un descanso reparador y saludable.<\/h5>\n<h5>Te recomendamos el mejor producto seg\u00fan lo que necesites, con la experiencia de m\u00e1s de 50 a\u00f1os ayudando a las familias de Sant Feliu y alrededores a descansar mejor.<\/h5>\n<p><a href=\"http:\/\/moblesvallcorba.es\/?page_id=7805\"><br \/>\nConsultar descanso<br \/>\n<\/a><br \/>\n<img loading=\"lazy\" decoding=\"async\" src=\"http:\/\/moblesvallcorba.es\/wp-content\/uploads\/2025\/12\/A2A678E2-91AD-4056-B01D-2BE0BEBF1ACE-768x1152.jpeg\" sizes=\"auto, (max-width: 768px) 100vw, 768px\" srcset=\"https:\/\/moblesvallcorba.es\/wp-content\/uploads\/2025\/12\/A2A678E2-91AD-4056-B01D-2BE0BEBF1ACE-768x1152.jpeg 768w, https:\/\/moblesvallcorba.es\/wp-content\/uploads\/2025\/12\/A2A678E2-91AD-4056-B01D-2BE0BEBF1ACE-200x300.jpeg 200w, https:\/\/moblesvallcorba.es\/wp-content\/uploads\/2025\/12\/A2A678E2-91AD-4056-B01D-2BE0BEBF1ACE-683x1024.jpeg 683w, https:\/\/moblesvallcorba.es\/wp-content\/uploads\/2025\/12\/A2A678E2-91AD-4056-B01D-2BE0BEBF1ACE-1024x1536.jpeg 1024w, https:\/\/moblesvallcorba.es\/wp-content\/uploads\/2025\/12\/A2A678E2-91AD-4056-B01D-2BE0BEBF1ACE-1365x2048.jpeg 1365w, https:\/\/moblesvallcorba.es\/wp-content\/uploads\/2025\/12\/A2A678E2-91AD-4056-B01D-2BE0BEBF1ACE-scaled.jpeg 1706w\" alt=\"\" width=\"768\" height=\"1152\" \/><\/p>\n<h2>Carme Vallcorba.<\/h2>\n<blockquote><p>Cada mueble tiene su historia, y cada cliente es \u00fanico. Aqu\u00ed no vendemos solo muebles, acompa\u00f1amos a las familias en los momentos importantes de sus vidas.\u201d<\/p><\/blockquote>\n<h5>Carme es el alma de Mobles Vallcorba. Con m\u00e1s de tres d\u00e9cadas de experiencia, conoce cada producto y a cada cliente. Su compromiso con la calidad y el servicio personalizado ha convertido la tienda en un referente en Sant Feliu de Codines.<\/h5>\n<h2>Proyectos y colaboraciones<\/h2>\n<p>Realizamos proyectos de interiorismo completos y colaboramos con inmobiliarias locales para amueblar pisos completos o sustituir muebles antiguos. Servicio completo, incluido en el precio.<\/p>\n<p>Te ayudamos a amueblar tu piso, casa o segunda residencia, adapt\u00e1ndonos a tu presupuesto y necesidades.<\/p>\n<p><a href=\"#\"><br \/>\nVer Loft Sant Feliu<br \/>\n<\/a><br \/>\n<img loading=\"lazy\" decoding=\"async\" src=\"http:\/\/moblesvallcorba.es\/wp-content\/uploads\/2025\/08\/coffee-table-2024-09-23-04-36-56-utc-1024x683.jpg\" sizes=\"auto, (max-width: 800px) 100vw, 800px\" srcset=\"https:\/\/moblesvallcorba.es\/wp-content\/uploads\/2025\/08\/coffee-table-2024-09-23-04-36-56-utc-1024x683.jpg 1024w, https:\/\/moblesvallcorba.es\/wp-content\/uploads\/2025\/08\/coffee-table-2024-09-23-04-36-56-utc-300x200.jpg 300w, https:\/\/moblesvallcorba.es\/wp-content\/uploads\/2025\/08\/coffee-table-2024-09-23-04-36-56-utc-768x512.jpg 768w, https:\/\/moblesvallcorba.es\/wp-content\/uploads\/2025\/08\/coffee-table-2024-09-23-04-36-56-utc-1536x1025.jpg 1536w, https:\/\/moblesvallcorba.es\/wp-content\/uploads\/2025\/08\/coffee-table-2024-09-23-04-36-56-utc-2048x1366.jpg 2048w\" alt=\"\" width=\"800\" height=\"534\" \/><br \/>\n<img loading=\"lazy\" decoding=\"async\" src=\"http:\/\/moblesvallcorba.es\/wp-content\/uploads\/2025\/12\/IMG_9999-683x1024.jpg\" sizes=\"auto, (max-width: 683px) 100vw, 683px\" srcset=\"https:\/\/moblesvallcorba.es\/wp-content\/uploads\/2025\/12\/IMG_9999-683x1024.jpg 683w, https:\/\/moblesvallcorba.es\/wp-content\/uploads\/2025\/12\/IMG_9999-200x300.jpg 200w, https:\/\/moblesvallcorba.es\/wp-content\/uploads\/2025\/12\/IMG_9999-768x1152.jpg 768w, https:\/\/moblesvallcorba.es\/wp-content\/uploads\/2025\/12\/IMG_9999-1024x1536.jpg 1024w, https:\/\/moblesvallcorba.es\/wp-content\/uploads\/2025\/12\/IMG_9999-1365x2048.jpg 1365w, https:\/\/moblesvallcorba.es\/wp-content\/uploads\/2025\/12\/IMG_9999-scaled.jpg 1707w\" alt=\"\" width=\"683\" height=\"1024\" \/><\/p>\n<h2>A\u00f1ade aqu\u00ed tu texto de cabecera<\/h2>\n<p>Mobles Vallcorba es una tienda de pueblo con m\u00e1s de 50 a\u00f1os de historia. Trabajamos de t\u00fa a t\u00fa, sin intermediarios. Vamos a verte, retiramos el sof\u00e1 viejo y colocamos el nuevo. As\u00ed de f\u00e1cil.<\/p>\n<p>Carme Vallcorba es el alma de la tienda. Conoce cada mueble, a cada cliente y cada historia. Con ella, el trato es siempre de t\u00fa a t\u00fa, como se ha hecho toda la vida: cercano, sincero y sin prisas.<\/p>\n<p>Disponemos de una tienda f\u00edsica con mucho stock disponible. Puedes venir a ver, tocar y probar los muebles antes de comprarlos. Si te gusta, te lo llevamos y lo instalamos directamente en tu casa.<\/p>\n<p><a href=\"#\"><br \/>\nContactar con nosotros<br \/>\n<\/a><\/p>\n<h2>Horario de atenci\u00f3n<\/h2>\n<p data-start=\"137\" data-end=\"179\"><strong data-start=\"137\" data-end=\"160\">De lunes a viernes:<\/strong> de 18:00 a 20:00<\/p>\n<p data-start=\"181\" data-end=\"225\"><strong data-start=\"181\" data-end=\"215\">Martes y domingo por la tarde:<\/strong> cerrado<\/p>\n<p data-start=\"227\" data-end=\"257\"><strong data-start=\"227\" data-end=\"238\">S\u00e1bado:<\/strong> de 10:00 a 13:30<\/p>\n<p data-start=\"181\" data-end=\"225\">\n","protected":false},"excerpt":{"rendered":"<p>Mobles Vallcorba M\u00e1s de 50 a\u00f1os amueblando hogares con cercan\u00eda, confianza y calidad. Soy Carme, y desde nuestra tienda en Sant Feliu de Codines te acompa\u00f1o a encontrar el mueble perfecto, como si fuera para mi propia casa. Mobles Vallcorba Nuestros productos Descubre nuestro cat\u00e1logo y muebles disponibles para entrega inmediata Cat\u00e1logo por categor\u00edas Estos [&hellip;]<\/p>\n","protected":false},"author":1,"featured_media":0,"parent":0,"menu_order":0,"comment_status":"closed","ping_status":"closed","template":"","meta":{"footnotes":""},"class_list":["post-18","page","type-page","status-publish","hentry"],"_links":{"self":[{"href":"https:\/\/moblesvallcorba.es\/index.php?rest_route=\/wp\/v2\/pages\/18","targetHints":{"allow":["GET"]}}],"collection":[{"href":"https:\/\/moblesvallcorba.es\/index.php?rest_route=\/wp\/v2\/pages"}],"about":[{"href":"https:\/\/moblesvallcorba.es\/index.php?rest_route=\/wp\/v2\/types\/page"}],"author":[{"embeddable":true,"href":"https:\/\/moblesvallcorba.es\/index.php?rest_route=\/wp\/v2\/users\/1"}],"replies":[{"embeddable":true,"href":"https:\/\/moblesvallcorba.es\/index.php?rest_route=%2Fwp%2Fv2%2Fcomments&post=18"}],"version-history":[{"count":83,"href":"https:\/\/moblesvallcorba.es\/index.php?rest_route=\/wp\/v2\/pages\/18\/revisions"}],"predecessor-version":[{"id":988048,"href":"https:\/\/moblesvallcorba.es\/index.php?rest_route=\/wp\/v2\/pages\/18\/revisions\/988048"}],"wp:attachment":[{"href":"https:\/\/moblesvallcorba.es\/index.php?rest_route=%2Fwp%2Fv2%2Fmedia&parent=18"}],"curies":[{"name":"wp","href":"https:\/\/api.w.org\/{rel}","templated":true}]}}

<h1>Mobles Vallcorba</h1>
<p>Más de 50 años amueblando hogares con cercanía, confianza y calidad.</p>
<p>Soy Carme, y desde nuestra tienda en Sant Feliu de Codines te acompaño a encontrar el mueble perfecto, como si fuera para mi propia casa.</p>
<p><img loading="lazy" decoding="async" src="http://moblesvallcorba.es/wp-content/uploads/2025/05/GettyImages-1796996457.jpg" sizes="auto, (max-width: 800px) 100vw, 800px" srcset="https://moblesvallcorba.es/wp-content/uploads/2025/05/GettyImages-1796996457.jpg 801w, https://moblesvallcorba.es/wp-content/uploads/2025/05/GettyImages-1796996457-300x214.jpg 300w, https://moblesvallcorba.es/wp-content/uploads/2025/05/GettyImages-1796996457-768x547.jpg 768w" alt="" width="800" height="570" /> <img loading="lazy" decoding="async" src="http://moblesvallcorba.es/wp-content/uploads/2025/08/home-accessories-and-household-products-in-store-o-2025-02-25-20-44-32-utc-1536x1024.jpg" sizes="auto, (max-width: 800px) 100vw, 800px" srcset="https://moblesvallcorba.es/wp-content/uploads/2025/08/home-accessories-and-household-products-in-store-o-2025-02-25-20-44-32-utc-1536x1024.jpg 1536w, https://moblesvallcorba.es/wp-content/uploads/2025/08/home-accessories-and-household-products-in-store-o-2025-02-25-20-44-32-utc-300x200.jpg 300w, https://moblesvallcorba.es/wp-content/uploads/2025/08/home-accessories-and-household-products-in-store-o-2025-02-25-20-44-32-utc-1024x683.jpg 1024w, https://moblesvallcorba.es/wp-content/uploads/2025/08/home-accessories-and-household-products-in-store-o-2025-02-25-20-44-32-utc-768x512.jpg 768w, https://moblesvallcorba.es/wp-content/uploads/2025/08/home-accessories-and-household-products-in-store-o-2025-02-25-20-44-32-utc-2048x1365.jpg 2048w" alt="" width="800" height="533" /> <img loading="lazy" decoding="async" src="http://moblesvallcorba.es/wp-content/uploads/2025/08/empty-cafe-or-restaurant-interior-at-a-daytime-2025-02-24-16-05-23-utc-2048x1365.jpg" sizes="auto, (max-width: 800px) 100vw, 800px" srcset="https://moblesvallcorba.es/wp-content/uploads/2025/08/empty-cafe-or-restaurant-interior-at-a-daytime-2025-02-24-16-05-23-utc-2048x1365.jpg 2048w, https://moblesvallcorba.es/wp-content/uploads/2025/08/empty-cafe-or-restaurant-interior-at-a-daytime-2025-02-24-16-05-23-utc-300x200.jpg 300w, https://moblesvallcorba.es/wp-content/uploads/2025/08/empty-cafe-or-restaurant-interior-at-a-daytime-2025-02-24-16-05-23-utc-1024x683.jpg 1024w, https://moblesvallcorba.es/wp-content/uploads/2025/08/empty-cafe-or-restaurant-interior-at-a-daytime-2025-02-24-16-05-23-utc-768x512.jpg 768w, https://moblesvallcorba.es/wp-content/uploads/2025/08/empty-cafe-or-restaurant-interior-at-a-daytime-2025-02-24-16-05-23-utc-1536x1024.jpg 1536w" alt="" width="800" height="533" /></p>
<h2>Mobles Vallcorba</h2>
<h2>Nuestros productos</h2>
<p>Descubre nuestro catálogo y muebles disponibles para entrega inmediata</p>
<h2>Catálogo por categorías</h2>
<p>Estos son muebles que tenemos actualmente en la tienda, disponibles para entrega inmediata. Puedes venir a verlos o consultarnos directamente.</p>
<p><a href="#"><br />
Tienda<br />
</a><br />
<a href="#"><br />
Oulet<br />
</a></p>
<h2>Somos distribuidores de:</h2>
<p>Si ves un mueble que no tenemos en la tienda, te lo podemos hacer</p>
<p><img loading="lazy" decoding="async" src="http://moblesvallcorba.es/wp-content/uploads/2025/12/IMG_0016-768x1152.jpg" sizes="auto, (max-width: 768px) 100vw, 768px" srcset="https://moblesvallcorba.es/wp-content/uploads/2025/12/IMG_0016-768x1152.jpg 768w, https://moblesvallcorba.es/wp-content/uploads/2025/12/IMG_0016-200x300.jpg 200w, https://moblesvallcorba.es/wp-content/uploads/2025/12/IMG_0016-683x1024.jpg 683w, https://moblesvallcorba.es/wp-content/uploads/2025/12/IMG_0016-1024x1536.jpg 1024w, https://moblesvallcorba.es/wp-content/uploads/2025/12/IMG_0016-1365x2048.jpg 1365w, https://moblesvallcorba.es/wp-content/uploads/2025/12/IMG_0016-scaled.jpg 1707w" alt="" width="768" height="1152" /></p>
<h2>Especialistas en descanso</h2>
<h5>Somos especialistas en descanso: colchones, camas, almohadas, fundas y protecciones. Trabajamos con marcas de confianza para garantizarte un descanso reparador y saludable.</h5>
<h5>Te recomendamos el mejor producto según lo que necesites, con la experiencia de más de 50 años ayudando a las familias de Sant Feliu y alrededores a descansar mejor.</h5>
<p><a href="http://moblesvallcorba.es/?page_id=7805"><br />
Consultar descanso<br />
</a><br />
<img loading="lazy" decoding="async" src="http://moblesvallcorba.es/wp-content/uploads/2025/12/A2A678E2-91AD-4056-B01D-2BE0BEBF1ACE-768x1152.jpeg" sizes="auto, (max-width: 768px) 100vw, 768px" srcset="https://moblesvallcorba.es/wp-content/uploads/2025/12/A2A678E2-91AD-4056-B01D-2BE0BEBF1ACE-768x1152.jpeg 768w, https://moblesvallcorba.es/wp-content/uploads/2025/12/A2A678E2-91AD-4056-B01D-2BE0BEBF1ACE-200x300.jpeg 200w, https://moblesvallcorba.es/wp-content/uploads/2025/12/A2A678E2-91AD-4056-B01D-2BE0BEBF1ACE-683x1024.jpeg 683w, https://moblesvallcorba.es/wp-content/uploads/2025/12/A2A678E2-91AD-4056-B01D-2BE0BEBF1ACE-1024x1536.jpeg 1024w, https://moblesvallcorba.es/wp-content/uploads/2025/12/A2A678E2-91AD-4056-B01D-2BE0BEBF1ACE-1365x2048.jpeg 1365w, https://moblesvallcorba.es/wp-content/uploads/2025/12/A2A678E2-91AD-4056-B01D-2BE0BEBF1ACE-scaled.jpeg 1706w" alt="" width="768" height="1152" /></p>
<h2>Carme Vallcorba.</h2>
<blockquote><p>Cada mueble tiene su historia, y cada cliente es único. Aquí no vendemos solo muebles, acompañamos a las familias en los momentos importantes de sus vidas.”</p></blockquote>
<h5>Carme es el alma de Mobles Vallcorba. Con más de tres décadas de experiencia, conoce cada producto y a cada cliente. Su compromiso con la calidad y el servicio personalizado ha convertido la tienda en un referente en Sant Feliu de Codines.</h5>
<h2>Proyectos y colaboraciones</h2>
<p>Realizamos proyectos de interiorismo completos y colaboramos con inmobiliarias locales para amueblar pisos completos o sustituir muebles antiguos. Servicio completo, incluido en el precio.</p>
<p>Te ayudamos a amueblar tu piso, casa o segunda residencia, adaptándonos a tu presupuesto y necesidades.</p>
<p><a href="#"><br />
Ver Loft Sant Feliu<br />
</a><br />
<img loading="lazy" decoding="async" src="http://moblesvallcorba.es/wp-content/uploads/2025/08/coffee-table-2024-09-23-04-36-56-utc-1024x683.jpg" sizes="auto, (max-width: 800px) 100vw, 800px" srcset="https://moblesvallcorba.es/wp-content/uploads/2025/08/coffee-table-2024-09-23-04-36-56-utc-1024x683.jpg 1024w, https://moblesvallcorba.es/wp-content/uploads/2025/08/coffee-table-2024-09-23-04-36-56-utc-300x200.jpg 300w, https://moblesvallcorba.es/wp-content/uploads/2025/08/coffee-table-2024-09-23-04-36-56-utc-768x512.jpg 768w, https://moblesvallcorba.es/wp-content/uploads/2025/08/coffee-table-2024-09-23-04-36-56-utc-1536x1025.jpg 1536w, https://moblesvallcorba.es/wp-content/uploads/2025/08/coffee-table-2024-09-23-04-36-56-utc-2048x1366.jpg 2048w" alt="" width="800" height="534" /><br />
<img loading="lazy" decoding="async" src="http://moblesvallcorba.es/wp-content/uploads/2025/12/IMG_9999-683x1024.jpg" sizes="auto, (max-width: 683px) 100vw, 683px" srcset="https://moblesvallcorba.es/wp-content/uploads/2025/12/IMG_9999-683x1024.jpg 683w, https://moblesvallcorba.es/wp-content/uploads/2025/12/IMG_9999-200x300.jpg 200w, https://moblesvallcorba.es/wp-content/uploads/2025/12/IMG_9999-768x1152.jpg 768w, https://moblesvallcorba.es/wp-content/uploads/2025/12/IMG_9999-1024x1536.jpg 1024w, https://moblesvallcorba.es/wp-content/uploads/2025/12/IMG_9999-1365x2048.jpg 1365w, https://moblesvallcorba.es/wp-content/uploads/2025/12/IMG_9999-scaled.jpg 1707w" alt="" width="683" height="1024" /></p>
<h2>Añade aquí tu texto de cabecera</h2>
<p>Mobles Vallcorba es una tienda de pueblo con más de 50 años de historia. Trabajamos de tú a tú, sin intermediarios. Vamos a verte, retiramos el sofá viejo y colocamos el nuevo. Así de fácil.</p>
<p>Carme Vallcorba es el alma de la tienda. Conoce cada mueble, a cada cliente y cada historia. Con ella, el trato es siempre de tú a tú, como se ha hecho toda la vida: cercano, sincero y sin prisas.</p>
<p>Disponemos de una tienda física con mucho stock disponible. Puedes venir a ver, tocar y probar los muebles antes de comprarlos. Si te gusta, te lo llevamos y lo instalamos directamente en tu casa.</p>
<p><a href="#"><br />
Contactar con nosotros<br />
</a></p>
<h2>Horario de atención</h2>
<p data-start="137" data-end="179"><strong data-start="137" data-end="160">De lunes a viernes:</strong> de 18:00 a 20:00</p>
<p data-start="181" data-end="225"><strong data-start="181" data-end="215">Martes y domingo por la tarde:</strong> cerrado</p>
<p data-start="227" data-end="257"><strong data-start="227" data-end="238">Sábado:</strong> de 10:00 a 13:30</p>
<p data-start="181" data-end="225">

<p>Mobles Vallcorba Más de 50 años amueblando hogares con cercanía, confianza y calidad. Soy Carme, y desde nuestra tienda en Sant Feliu de Codines te acompaño a encontrar el mueble perfecto, como si fuera para mi propia casa. Mobles Vallcorba Nuestros productos Descubre nuestro catálogo y muebles disponibles para entrega inmediata Catálogo por categorías Estos [&hellip;]</p>
